 + p + 483 = 0, 2*t + 6*p = 5*p + 975. What is the greatest common divisor of t and 198?
18
Suppose -3*a = -6*a + 9. Suppose 0 = a*l + 89 - 119. Let z = -15 + 40. Calculate the highest common factor of l and z.
5
Let c(d) = 4*d**3 - 63*d**2 + 55*d - 84. Let z be c(15). Suppose 39 = 4*l - 3*h, 4*l + 0 = -5*h - 1. Calculate the greatest common factor of z and l.
6
Suppose -74*i + 80*i - 3066 = 0. Let j = -381 + i. What is the greatest common divisor of j and 30?
10
Let g be (15 - -1) + 5 + -10. Suppose 18 = g*a - 48. Calculate the highest common divisor of 24 and a.
6
Suppose 0 = 4*f + j - 542, 0 = 3*f - 2*j - 94 - 318. What is the highest common divisor of f and 5168?
136
Suppose 220 = -0*n + 5*n. Let d(q) = -4*q**3 + 7*q - 7. Let u be d(3). Let p = u + 98. Calculate the highest common divisor of n and p.
4
Suppose 67*d = 70*d - 504. Let r = -110 - -196. Let z = d - r. What is the greatest common factor of z and 123?
41
Suppose -n = -5*b - 8, -2*b - 21 = -2*n + 11. Let d be 18/(12/(-2)) + n. What is the greatest common factor of d and 75?
15
Let w(n) = -2*n**2 - 56*n + 10. Let p be w(-8). Calculate the highest common divisor of p and 528.
66
Suppose -7*i + 250 = -2*i + 4*v, -2*i + 5*v = -67. Suppose 3*w - 27 - 31 = -b, -b + 3*w = -i. Calculate the highest common factor of 78 and b.
26
Let c = -38 - -52. Let m = 94 - 86. Suppose 0 = s - 5*q - 12, -4*s + m = 2*q - 18. Calculate the highest common divisor of c and s.
7
Let j(l) = -l**3 - 2*l**2 + l. Let m be j(-3). Let p = -24 - -26. Suppose 2*s - p = m. Calculate the highest common divisor of 16 and s.
4
Let m be (0/(-4) - 2)/(-1). Suppose 30 = -m*q - 4*r, 3*q - 2*r = -18 - 11. Let g be (q + 13)*(-326)/(-4) - 3. What is the highest common divisor of g and 20?
20
Suppose 324 = o + 2*o. Suppose -3*y = -0*y - 15, 2*b - 58 = 4*y. Let n = -12 + b. Calculate the greatest common divisor of o and n.
27
Let s be 2066/10 - (-69)/(-115). Suppose -4*x = -j - s, 0 = x - 6*x - j + 253. Calculate the highest common divisor of x and 34.
17
Suppose 87*i - 85*i - 50 = 0. What is the greatest common divisor of i and 130?
5
Let q(o) = o**3 - 25*o**2 - 12*o + 481. Let w be q(27). Calculate the greatest common divisor of w and 34.
17
Let w(l) = -4*l**2 + 25*l + 3. Let m be w(6). Suppose 2*a - m*a = -546. Let y be 288/11 + (-2)/11. Calculate the highest common divisor of y and a.
26
Suppose 9 = 3*l + 3*z, 9*l - z = -13 + 80. What is the highest common divisor of l and 26383?
7
Suppose -18*h - 79 = -23*h + 3*c, 0 = -5*h + 5*c + 75. Suppose -22*v - k + 14 = -h*v, k - 4 = 0. Calculate the greatest common factor of v and 4.
2
Suppose 2*s = -j + 20, 76*s - 39 = -3*j + 73*s. Calculate the highest common divisor of j and 195.
3
Let r(n) = n**3 - 17*n**2 - 15*n + 12. Let g be r(18). Let l = g + -70. Let c be (l/10)/(2/(-55)). What is the highest common divisor of c and 88?
11
Let g be 6/(-6) - 10*4. Let v = -38 - g. Suppose v*h = 5*y + 278, -y - y = -4. What is the greatest common divisor of h and 64?
32
Let s(q) = 251*q + 2246. Let r be s(-8). What is the highest common divisor of 21 and r?
7
Suppose 208 = -276*c + 328*c. Let h = -388 + 640. What is the highest common factor of h and c?
4
Let k = 63854 - 63847. Let p(d) = -56*d + 1. Let g be p(1). Let z be 1 - 1/(1/g). What is the highest common divisor of z and k?
7
Let d = 66 - 250. Let a = -76 - d. Let g(j) = j**2 - 13*j - 102. Let v be g(-6). Calculate the highest common divisor of a and v.
12
Suppose -120073 - 30495 = -27*y + 5*y. What is the highest common divisor of y and 1180?
236
Let b be (-4)/(0 + -2) + 33 + -2. Let h = -16 + b. Suppose -23*v = -h*v - 102. Calculate the highest common divisor of v and 153.
17
Suppose 8*n + 12 = 2*p + 5*n, 3*p = n + 25. Calculate the highest common divisor of 927 and p.
9
Let u(b) = 32*b**2 - 40*b - 1. Let k be u(-7). Let g = k - 1132. What is the highest common divisor of 13 and g?
13
Let n(z) = -3*z**2 + 88*z - 96. Let x be n(28). Calculate the highest common divisor of x and 400.
16
Suppose -x = x - 1144. Let y(t) = -t**3 - 8*t**2 - 8*t - 12. Suppose 0*b + 5*b + 40 = 0. Let i be y(b). What is the greatest common divisor of x and i?
52
Let s be 1 - (6 - 7)*1. Let r be (-1332)/(-2)*s/4. Suppose 0 = -4*t - m + 149, -4*t + 5*m = -2*t - 69. Calculate the highest common factor of r and t.
37
Let p = -4195 + 4270. Calculate the highest common divisor of 1275 and p.
75
Let d be 10/(-4)*13772*5/(-50). What is the greatest common divisor of 11 and d?
11
Suppose -208 = -0*z - 13*z. Let g = -43 + 45. Suppose -j + 2 = 0, 3*p - 700 = -p + g*j. What is the greatest common divisor of p and z?
16
Let c = -347 + 443. Suppose 71 = 5*b + c, 5*s - 475 = 5*b. Calculate the greatest common factor of 255 and s.
15
Let u = -2 + 2. Suppose u = -3*g + 51 + 129. Let i(k) = -k**3 + 13*k**2 - 10*k + 6. Let p be i(12). What is the greatest common factor of p and g?
30
Suppose 3*a = -5*i + 85, -2*i - 2*i - 4*a = -68. Suppose 546 = i*w - 508. What is the highest common factor of w and 31?
31
Let y = 13 - 8. Suppose 59*p - 57*p = -2*s + 174, -4*s + y*p + 393 = 0. What is the greatest common factor of 115 and s?
23
Let d be (36/(12/(-6)))/((-4)/6). Let v = 80 + -35. What is the greatest common factor of d and v?
9
Let s(z) = 14*z**3 - 3*z**2 + 6*z - 37. Let i be s(3). What is the greatest common factor of 581 and i?
83
Let y = 13875 - 7750. Calculate the greatest common factor of y and 25.
25
Suppose -7*g = 193 + 17. Let o be (-3 - g) + ((-9)/(-3) - 0). What is the greatest common factor of 270 and o?
30
Let q be (30816/54)/((-1)/((-15)/10)). Calculate the greatest common factor of q and 16.
8
Let p(r) = -6*r - 18. Let h be p(5). Let b = h - 15. Let j = b - -85. Calculate the highest common factor of 11 and j.
11
Let r(s) = -63*s**2 + s - 2. Let o be r(1). Let y = o - -62. Let w be (-3)/(-21)*y + (-228)/(-14). Calculate the greatest common divisor of w and 40.
8
Let q be (45/25)/((-9)/(-15)). Suppose 0*h - q*h = -6. Suppose h*k = c + 6*k - 278, -3*c - 5*k = -820. What is the greatest common factor of c and 30?
30
Let g be (12 - (-405)/(-30))*-24. What is the highest common factor of g and 6?
6
Let p be (-2)/3*189/(-14). Suppose p*k = 14*k - 2610. Calculate the highest common divisor of k and 58.
58
Let a(k) = -94*k**3 + k**2 + 2*k + 3. Let w be a(-1). What is the greatest common divisor of w and 816?
48
Suppose 83*m - 216*m = -1075257 + 144789. Calculate the highest common factor of m and 396.
132
Let t(u) = -8*u - 48. Suppose 3*w + v = -19 - 15, -4*w - 4*v = 48. Let m be t(w). What is the greatest common factor of m and 30?
10
Suppose 0 = 5*v - 6*v + 3*g + 93, v + 4*g = 128. What is the highest common factor of v and 1332?
36
Let y(v) = -5*v**2 - v**3 - 28*v + 26*v**2 + 45 + 6*v**2. Let p be y(25). Calculate the highest common factor of 17 and p.
17
Let k be (-2)/4*0/2. Let s(v) = -v**3 + 6*v**2 - 2*v + 22. Let x be s(6). Suppose -i = -k*i - x. What is the highest common factor of 25 and i?
5
Suppose f - 356 = -2*h, -17*f + 1066 = -14*f + 5*h. Calculate the highest common divisor of f and 5896.
88
Let h be 9 - 6 - (0 + -1). Suppose 133 = h*o + 3*o. Let j(v) = -3*v + 4. Let f be j(-5). What is the highest common divisor of f and o?
19
Let m(s) = -10*s**3 + 50*s**2 - 4. Let z be m(4). Calculate the highest common factor of 624 and z.
156
Let h = -22807 + 22987. Calculate the highest common factor of h and 3080.
20
Suppose 2*r = 2077 - 303. Suppose r = u + 240. Suppose -k = 7*q - 2*q - u, 0 = -5*q + 5*k + 665. What is the highest common factor of q and 13?
13
Let o = -10 - -6. Let u be 3/(-6) + (-2)/o. Suppose -2*p - 4*p + 1350 = u. Calculate the highest common factor of 25 and p.
25
Let m(d) = 61*d**2 + 4*d - 1. Let o be m(-5). Let s be (-2)/(-29) - (-6248856)/66526. What is the highest common factor of o and s?
94
Suppose -2*r - 3*k + 112 - 69 = 0, -2*r + 25 = k. What is the highest common factor of r and 43352?
8
Let m = 976 - 940. Let t be (-1046)/((-4)/6 + 0). Suppose -4*b - 5*i + t = 0, 5*b + 0*i = -3*i + 1971. What is the highest common factor of m and b?
36
Let i(b) = 4*b + 61. Let n be i(-15). Let q be -3*(n - (-95)/(-15)). Calculate the highest common factor of q and 28.
4
Let p(c) = c**2 - 3*c + 2. Let u be p(8). Let g = 107 - 59. Let o = g - u. What 